{"id":4605,"date":"2018-04-18T00:29:39","date_gmt":"2018-04-17T22:29:39","guid":{"rendered":"https:\/\/www.plombiers-reunis.com\/v2\/?page_id=4605"},"modified":"2018-04-18T00:29:39","modified_gmt":"2018-04-17T22:29:39","slug":"guides","status":"publish","type":"page","link":"https:\/\/plombiers-reunis.com\/v3\/guides","title":{"rendered":"Guides"},"content":{"rendered":"\n<h3 class=\"wp-block-heading\">Comment faire les r\u00e9seaux<\/h3>\n\n\n<div class=\"wp-block-image\">\n<figure class=\"alignleft\"><img loading=\"lazy\" decoding=\"async\" width=\"150\" height=\"150\" src=\"https:\/\/plombiers-reunis.com\/v3\/medias\/2017\/07\/systeme-tes-150x150.png\" alt=\"sch\u00e9ma de plomberie\" class=\"wp-image-4515\"\/><\/figure>\n<\/div>\n\n\n<blockquote class=\"wp-block-quote is-layout-flow wp-block-quote-is-layout-flow\">\n<p>En neuf ou r\u00e9novation, nous avons le choix entre deux types de distribution de plomberie ou chauffage, selon les travaux engag\u00e9s dans les locaux  il peut \u00eatre avantageux d&rsquo;utiliser un syst\u00e8me plut\u00f4t qua l&rsquo;autre.<\/p>\n\n\n\n<p>Sch\u00e9ma d&rsquo;exemple pour <a href=\"https:\/\/plombiers-reunis.com\/v3\/reseaux\/schema-dinstallation-de-plomberie-avec-bouclage.html\">installations avec nourrices \u2192<\/a> ou avec le syst\u00e8me traditionnel avec des t\u00e9s et plus couramment appel\u00e9 piquage.<\/p>\n<\/blockquote>\n\n\n\n<blockquote class=\"wp-block-quote is-layout-flow wp-block-quote-is-layout-flow\">\n<h3 class=\"wp-block-heading\">Choisir les tuyaux<\/h3>\n\n\n<div class=\"wp-block-image\">\n<figure class=\"alignright\"><img loading=\"lazy\" decoding=\"async\" width=\"150\" height=\"150\" src=\"https:\/\/plombiers-reunis.com\/v3\/medias\/2013\/01\/comparaison_tubes-150x150.png\" alt=\"\" class=\"wp-image-4646\" srcset=\"https:\/\/plombiers-reunis.com\/v3\/wp-content\/uploads\/2013\/01\/comparaison_tubes-150x150.png 150w, https:\/\/plombiers-reunis.com\/v3\/wp-content\/uploads\/2013\/01\/comparaison_tubes-250x250.png 250w\" sizes=\"auto, (max-width: 150px) 100vw, 150px\" \/><\/figure>\n<\/div>\n\n\n<p>Quels tuyaux choisir pour son installation, le choix est vaste,nous avons fait un&nbsp; comparatif pour que tout le monde comprenne, m\u00eame les novices. <a href=\"https:\/\/plombiers-reunis.com\/v3\/reseaux\/quels-tuyaux-utiliser-pour-mon-installation.html\">Lire le guide \u2192<\/a><\/p>\n\n\n\n<p>Pour les <a href=\"https:\/\/plombiers-reunis.com\/v3\/bon-a-savoir\/les-tubes-polyethylene-haute-et-basse-densite.html\">liaisons souterraines il faut utiliser de pr\u00e9f\u00e9rence du Poly\u00e9thyl\u00e8ne&nbsp; \u00ab\u00a0voici le guide\u00a0\u00bb \u2192<\/a><\/p>\n<\/blockquote>\n\n\n\n<h3 class=\"wp-block-heading\">Les diam\u00e8tres a respecter<\/h3>\n\n\n\n<blockquote class=\"wp-block-quote is-layout-flow wp-block-quote-is-layout-flow\"><div class=\"wp-block-image\">\n<figure class=\"alignleft\"><img loading=\"lazy\" decoding=\"async\" width=\"150\" height=\"150\" src=\"https:\/\/plombiers-reunis.com\/v3\/medias\/2010\/07\/diametres-150x150.jpg\" alt=\"\" class=\"wp-image-4636\" srcset=\"https:\/\/plombiers-reunis.com\/v3\/wp-content\/uploads\/2010\/07\/diametres-150x150.jpg 150w, https:\/\/plombiers-reunis.com\/v3\/wp-content\/uploads\/2010\/07\/diametres-250x250.jpg 250w\" sizes=\"auto, (max-width: 150px) 100vw, 150px\" \/><\/figure>\n<\/div>\n\n\n<p>Nous avons r\u00e9alis\u00e9 un guide simplifi\u00e9 des&nbsp;diam\u00e8tres \u00e0 utiliser pour alimenter chaque appareil, ainsi que pour les r\u00e9seaux, inutile de se prendre la t\u00eate a chercher dans les DTU relatifs, tout est list\u00e9.&nbsp;<a href=\"https:\/\/plombiers-reunis.com\/v3\/reseaux\/les-diametres-les-filetages-et-la-table-de-conversion.html\">Lire le guide \u2192<\/a><\/p>\n\n\n\n<p><\/p>\n<\/blockquote>\n\n\n\n<h3 class=\"wp-block-heading\">Choisir la production d&rsquo;eau chaude<\/h3>\n\n\n\n<blockquote class=\"wp-block-quote is-layout-flow wp-block-quote-is-layout-flow\"><div class=\"wp-block-image\">\n<figure class=\"alignright\"><img loading=\"lazy\" decoding=\"async\" width=\"150\" height=\"150\" src=\"https:\/\/plombiers-reunis.com\/v3\/medias\/2010\/04\/besoins_eau_chaude-150x150.jpg\" alt=\"\" class=\"wp-image-4680\" srcset=\"https:\/\/plombiers-reunis.com\/v3\/wp-content\/uploads\/2010\/04\/besoins_eau_chaude-150x150.jpg 150w, https:\/\/plombiers-reunis.com\/v3\/wp-content\/uploads\/2010\/04\/besoins_eau_chaude-250x250.jpg 250w\" sizes=\"auto, (max-width: 150px) 100vw, 150px\" \/><\/figure>\n<\/div>\n\n\n<p>Pour une maison, un appartement ou un studio, chaque situation est diff\u00e9rente et exige une production d&rsquo;eau chaude adapt\u00e9, nous avons list\u00e9&nbsp;ici les plus courantes, on peut choisir en toute libert\u00e9.&nbsp;<a href=\"https:\/\/plombiers-reunis.com\/v3\/productions-d-eau-chaude\/comment-choisir-sa-production-deau-chaude.html\">Lire le guide \u2192<\/a><\/p>\n\n\n\n<p>Pour les installations d&rsquo;eau chaude <a href=\"https:\/\/plombiers-reunis.com\/v3\/productions-d-eau-chaude\/le-bouclage-deau-chaude-sanitaire.html\">accumul\u00e9 avec des lignes de grande longueur il est possible de r\u00e9aliser un bouclage \u2192<\/a><\/p>\n<\/blockquote>\n\n\n\n<h3 class=\"wp-block-heading\">Choisir ses Raccords<\/h3>\n\n\n\n<blockquote class=\"wp-block-quote is-layout-flow wp-block-quote-is-layout-flow\"><div class=\"wp-block-image\">\n<figure class=\"alignright is-resized\"><img loading=\"lazy\" decoding=\"async\" width=\"832\" height=\"584\" src=\"https:\/\/plombiers-reunis.com\/v3\/medias\/2018\/04\/raccord-compression-multicouche.jpg\" alt=\"\" class=\"wp-image-4694\" style=\"width:208px;height:146px\" srcset=\"https:\/\/plombiers-reunis.com\/v3\/wp-content\/uploads\/2018\/04\/raccord-compression-multicouche.jpg 832w, https:\/\/plombiers-reunis.com\/v3\/wp-content\/uploads\/2018\/04\/raccord-compression-multicouche-300x211.jpg 300w, https:\/\/plombiers-reunis.com\/v3\/wp-content\/uploads\/2018\/04\/raccord-compression-multicouche-768x539.jpg 768w\" sizes=\"auto, (max-width: 832px) 100vw, 832px\" \/><\/figure>\n<\/div>\n\n\n<p>Parce que le choix est vaste et confus pour les novices, nous avons \u00e9labor\u00e9 une page d&rsquo;explications autour des raccords, permettant de choisir les raccords les mieux adapt\u00e9s a chaque tuyau et a chaque&nbsp;situation.&nbsp;<a href=\"https:\/\/plombiers-reunis.com\/v3\/reseaux\/le-choix-des-raccords-pour-tubes-per-et-multicouche.html\">Lire le guide\u2192<\/a><\/p>\n<\/blockquote>\n\n\n\n<h3 class=\"wp-block-heading\">\u00c9vacuations et ventilation primaire<\/h3>\n\n\n\n<blockquote class=\"wp-block-quote is-layout-flow wp-block-quote-is-layout-flow\"><div class=\"wp-block-image\">\n<figure class=\"alignright is-resized\"><img loading=\"lazy\" decoding=\"async\" width=\"300\" height=\"435\" src=\"https:\/\/plombiers-reunis.com\/v3\/medias\/2018\/04\/schema_de_ventilation_primaire.jpg\" alt=\"sch\u00e9ma d'\u00e9vacuations\" class=\"wp-image-4699\" style=\"width:81px;height:118px\" srcset=\"https:\/\/plombiers-reunis.com\/v3\/wp-content\/uploads\/2018\/04\/schema_de_ventilation_primaire.jpg 300w, https:\/\/plombiers-reunis.com\/v3\/wp-content\/uploads\/2018\/04\/schema_de_ventilation_primaire-207x300.jpg 207w\" sizes=\"auto, (max-width: 300px) 100vw, 300px\" \/><\/figure>\n<\/div>\n\n\n<p>Pour r\u00e9aliser les installations d\u2019\u00e9vacuations nous avons con\u00e7u un petit guide qui permets d&rsquo;apprendre les bases de l&rsquo;installation et de la ventilation primaire (et secondaire si besoin ). <a href=\"https:\/\/plombiers-reunis.com\/v3\/reseaux\/conception-dun-reseau-devacuations-et-ventilation-primaire.html\">Lire le guide \u2192<\/a><\/p>\n<\/blockquote>\n\n\n\n<h3 class=\"wp-block-heading\">Les vases d&rsquo;expansion<\/h3>\n\n\n\n<blockquote class=\"wp-block-quote is-layout-flow wp-block-quote-is-layout-flow\"><div class=\"wp-block-image\">\n<figure class=\"alignright\"><img loading=\"lazy\" decoding=\"async\" width=\"150\" height=\"150\" src=\"https:\/\/plombiers-reunis.com\/v3\/medias\/2018\/05\/vase_froid-et-chaud-150x150.png\" alt=\"\" class=\"wp-image-4849\"\/><\/figure>\n<\/div>\n\n\n<p>Qu&rsquo;il s&rsquo;agisse de chaudi\u00e8res murales, au sol, au gaz , au fioul ou encore \u00e9lectriques, elles sont toutes \u00e9quip\u00e9s des vases d&rsquo;expansion, qu&rsquo;ils soient int\u00e9gr\u00e9s ou s\u00e9par\u00e9s, la vase est indispensables sur les installations&nbsp; de chauffage et fortement conseill\u00e9s sur les installation d&rsquo;eau chaude accumul\u00e9.&nbsp;<a href=\"https:\/\/plombiers-reunis.com\/v3\/bon-a-savoir\/le-vase-dexpansion-pour-chauffage-et-eau-chaude.html\">Lire le guide\u2192<\/a><\/p>\n<\/blockquote>\n","protected":false},"excerpt":{"rendered":"<p>Comment faire les r\u00e9seaux En neuf ou r\u00e9novation, nous avons le choix entre deux types de distribution de plomberie ou chauffage, selon les travaux engag\u00e9s dans les locaux il peut \u00eatre avantageux d&rsquo;utiliser un syst\u00e8me plut\u00f4t qua l&rsquo;autre. Sch\u00e9ma d&rsquo;exemple pour installations avec nourrices \u2192 ou avec le syst\u00e8me traditionnel avec des t\u00e9s et plus &#8230; <a title=\"Guides\" class=\"read-more\" href=\"https:\/\/plombiers-reunis.com\/v3\/guides\" aria-label=\"En savoir plus sur Guides\">Lire la suite<\/a><\/p>\n","protected":false},"author":1,"featured_media":0,"parent":0,"menu_order":0,"comment_status":"closed","ping_status":"closed","template":"","meta":{"_bbp_topic_count":0,"_bbp_reply_count":0,"_bbp_total_topic_count":0,"_bbp_total_reply_count":0,"_bbp_voice_count":0,"_bbp_anonymous_reply_count":0,"_bbp_topic_count_hidden":0,"_bbp_reply_count_hidden":0,"_bbp_forum_subforum_count":0,"footnotes":""},"class_list":["post-4605","page","type-page","status-publish"],"_links":{"self":[{"href":"https:\/\/plombiers-reunis.com\/v3\/wp-json\/wp\/v2\/pages\/4605","targetHints":{"allow":["GET"]}}],"collection":[{"href":"https:\/\/plombiers-reunis.com\/v3\/wp-json\/wp\/v2\/pages"}],"about":[{"href":"https:\/\/plombiers-reunis.com\/v3\/wp-json\/wp\/v2\/types\/page"}],"author":[{"embeddable":true,"href":"https:\/\/plombiers-reunis.com\/v3\/wp-json\/wp\/v2\/users\/1"}],"replies":[{"embeddable":true,"href":"https:\/\/plombiers-reunis.com\/v3\/wp-json\/wp\/v2\/comments?post=4605"}],"version-history":[{"count":0,"href":"https:\/\/plombiers-reunis.com\/v3\/wp-json\/wp\/v2\/pages\/4605\/revisions"}],"wp:attachment":[{"href":"https:\/\/plombiers-reunis.com\/v3\/wp-json\/wp\/v2\/media?parent=4605"}],"curies":[{"name":"wp","href":"https:\/\/api.w.org\/{rel}","templated":true}]}}